) = -3*t + 3. Let q be u(5). Let v be f(q). Let g be 1*(v - (3 + -2)). Calculate i(g).
5
Suppose 14*r - 26*r = -36. Let i(n) = n**3 + 2*n**2 - 2*n + 3. Calculate i(r).
42
Let g(v) = -13*v + 2. Let q = 6 - -6. Let t be (-2 - 3)*q/20. Let h(d) = -d + 1. Let r(m) = t*h(m) + g(m). What is r(1)?
-11
Let l(k) be the first derivative of -k**7/840 - k**6/120 + k**5/20 + k**4/6 - 3*k**3 - 22. Let z(d) be the third derivative of l(d). What is z(-4)?
-4
Let v(t) = t - 1. Let o be v(0). Let z(i) = i - 1. Let h be z(2). Let k(a) = -5 + h - 3*a + 5 + 0. Determine k(o).
4
Let i(a) = -26*a + 4*a + 7*a + 6*a + a**2 + 9 + 0*a**2. Determine i(6).
-9
Let r = -24 + 24. Suppose -11*a + 14*a - 18 = r. Let h(q) = -2*q. Give h(a).
-12
Let b(z) be the second derivative of -z**5/20 + z**4/12 - 4*z**2 + z. Suppose -21*k + 39*k = -23*k. Calculate b(k).
-8
Let b(s) = 4*s + 7*s + 8*s - 16*s - 4*s. Calculate b(-6).
6
Let c(v) = -v**2 + 1. Let y(f) = -f**3 - 11*f**2 - 4*f + 6. Let a(n) = -6*c(n) + y(n). Let t = 289 + -292. Calculate a(t).
-6
Let q(u) = -u**3 - 4*u**2 + 2. Let a = -68 + 48. Let n be a/(-6)*42/(-35). Determine q(n).
2
Let o(y) = y**2 - 11*y + 10. Let z be (80/30)/(3/9). Determine o(z).
-14
Let b(s) = s**2 - s + 3. Let q(h) = -h. Suppose -3*c - 5*i = -22, 2*c - 1 = 2*i - 13. Let a(t) = c*b(t) - 3*q(t). Calculate a(3).
0
Let z(d) = d**2 + 10*d + 6. Let c be (6 - 9)*4/3. Let p be (-1)/2*(c - -22). Calculate z(p).
-3
Let b(p) be the third derivative of -p**4/24 + 2*p**3/3 + 27*p**2 + 6. Calculate b(0).
4
Let n(t) be the second derivative of -t**4/12 + 5*t**3/6 - t**2 + 3*t. Suppose 5*f = 2*c - 4*c - 8, -4*f - 16 = 0. Let j be 152/24 - 8/c. Give n(j).
-2
Let b(d) = 5*d**2 - d. Let l be b(-1). Suppose l = -4*h - 2*h. Let y(g) = 2*g + 4. Let v(a) = a. Let w(o) = h*y(o) + 3*v(o). What is w(-6)?
-10
Let m = 74 + -74. Let t(j) = 1 - 9*j + m - 2 + 11*j - 17*j**2. Determine t(1).
-16
Let l(c) be the third derivative of -c**4/24 - c**3/6 + c**2. Let t be -10*3*(-12)/(-90). What is l(t)?
3
Let x(b) = 4*b + 7. Let w = 8 + -6. Suppose -2*n - w*n - 20 = 0. Calculate x(n).
-13
Let z(u) be the first derivative of u**4/4 + 7*u**3/3 + 3*u**2 + 5*u - 2043. Let g(v) = v - 6. Let k be g(6). Let f be 6*(-1 + k)/1. Determine z(f).
5
Let r(j) = -3*j. Let o(c) = 8*c + 1. Let z(d) = -2*o(d) - 5*r(d). Determine z(-7).
5
Let n(g) = -19*g - 15. Let o(z) = -18*z - 13. Let f(y) = 6*n(y) - 7*o(y). Calculate f(-3).
-35
Let s be 90/8 + 6/8. Suppose -3*r = r - s. Suppose -2*n - h = -0*h + r, -4*n - 21 = 5*h. Let u(j) = 8*j - 1. What is u(n)?
7
Let f(d) be the third derivative of -d**5/60 + 2*d**2. Let y(x) = x**2 - 3*x + 2. Let h be y(3). Suppose 0 = h*u - 4 + 6. Determine f(u).
-1
Let q(l) = 3 - 6*l - 10*l**2 + 15*l - 111*l**3 + 112*l**3. Give q(9).
3
Let m(a) = -a**3 - 11*a**2 + 6. Let n(l) = 3*l**3 + 32*l**2 - 16. Let q(k) = 17*m(k) + 6*n(k). Determine q(-5).
6
Let q(i) = 5*i**2 + 7*i + 9. Let u(t) = 4*t**2 + 6*t + 7. Let g(c) = 3*q(c) - 4*u(c). Calculate g(-2).
1
Let v be 4 - (6 - 2) - -2. Let l(m) = 3*m**2 - 4*m**v - 2*m + 0*m**2 - m. Determine l(-3).
0
Let c = 0 - 1. Let i(x) be the third derivative of -5*x**4/24 + x**3/6 - 54*x**2. What is i(c)?
6
Suppose 4*h + 4*w - 12 = -4, -5*h = 2*w - 22. Let q(p) be the first derivative of p**4/4 - 5*p**3/3 - 3*p**2 + 7*p + 73. What is q(h)?
7
Let j(u) = 3*u**2 - 2*u - 2. Suppose 48 = 27*b - 3*b. What is j(b)?
6
Let z(o) be the first derivative of 7*o**3/3 - 7*o**2/2 - 6*o - 706. What is z(-1)?
8
Let x(n) = -n**3 + 12*n**2 - 10*n + 5. Suppose -p = -o - 2*o + 34, 0 = 4*p + 4. Calculate x(o).
16
Let s(t) = 6*t**2 + 9*t + 30. Let k(n) = 2*n**2 - n + 3. Let p(b) = 2*k(b) - s(b). What is p(-3)?
-9
Let l(v) = -v**3 - 4*v**2 + 5*v - 3. Let n be (-35)/(-42)*-6 + 0 + 1. What is l(n)?
-23
Let l(q) be the first derivative of 11 + 0*q**3 - 9*q - 1/2*q**2 - 1/4*q**4. Calculate l(0).
-9
Let c(q) = -q - 2. Let r be c(-6). Let i(n) = -1. Let k(j) = j**2 - 3*j + 9. Let m(u) = 6*i(u) + k(u). Calculate m(r).
7
Let m be (-4)/10 + (-16)/10. Let p(k) be the third derivative of k**6/120 + k**5/60 - k**4/24 + k**3/3 + 2*k**2 + 58*k. Calculate p(m).
0
Let z(d) = 9*d**2 - 2*d - 1. Let i(s) = -s - 9. Let x be i(-11). Let c(p) = -p**3 + 2*p**2 - p + 4. Let y be c(x). Give z(y).
31
Suppose -6*a + 40 = -8. Let l(x) = 0*x + 11 + 0*x + 9*x - a*x. Determine l(0).
11
Let p(a) = -4*a + 1. Let c(k) = -k**3 - 7*k**2 - 11*k - 3. Let l be c(-5). Let z be (l - 0)/((-52)/(-78)). What is p(z)?
-11
Suppose 0 = -3*n + 139 - 154. Let z(s) = -s - 8. Calculate z(n).
-3
Let f(o) be the second derivative of o**4/12 + o**3/6 - o**2 - 7*o. Let j be 2/10 + (-5 - (-117)/15). Give f(j).
10
Let w(t) be the third derivative of t**6/60 + t**5/30 - t**4/8 + t**3/3 - t**2 - 51. Determine w(-3).
-25
Let f(n) = -4*n**2 - 2*n + 1. Let x be 18/(-6)*(1 - 2). Suppose -135 = -5*d + 5*h - 2*h, -x*d = -4*h - 81. Let p = d + -26. Determine f(p).
-5
Let i(b) = 4 - 12*b - 9*b + 20*b. Let r be i(10). Let a(l) = l**3 + 6*l**2 + 2*l + 1. Give a(r).
-11
Let z be -8*15/(-50)*-5. Let p(g) = -g**2 - 11*g + 4. Calculate p(z).
-8
Let g be (-29 - -19) + 14 + -5. Let n(j) = 1 - 8*j + j - 2. Determine n(g).
6
Suppose 5*g - 29 = 4*o + 4*g, -5*o + 4*g - 50 = 0. Let v = -26 + 60. Let p(d) = 11*d. Let k(y) = 2*y. Let u(f) = v*k(f) - 6*p(f). What is u(o)?
-12
Let l(n) = -n + n**3 - 38*n**2 + 0*n**3 + 3 + 40*n**2. Let i be l(-2). Let x(t) = -t**3 + 4*t**2 + 5*t + 3. Calculate x(i).
3
Let g(h) = -3*h. Let v(w) be the third derivative of w**4/24 - w**3/2 + 5*w**2. Let a(f) = f - 2. Let b(p) = 5*a(p) - 6*v(p). Let x be b(4). Calculate g(x).
-12
Let i be (0 - 1)/(-1 + (-91)/(-84)). Let m(l) = l**2 + 13*l - 5. Determine m(i).
-17
Let s(y) = y**2 + 3*y + 1. Let i be (26 - 29)/((-6)/(-4)). What is s(i)?
-1
Let d = 318 + -313. Suppose -2*p + 18 = p. Let h(g) = -1 - g**3 - p*g**2 + g**2 + 2*g**3 + g. Determine h(d).
4
Let v(n) = 3*n**2 - 3*n + 3. Suppose 2*t = 5*c + 1, 5*c = -5*t + 116 - 96. Give v(t).
21
Let m be ((-2)/(-3))/(-8*1/(-2)). Let b(n) be the third derivative of 0*n + 1/2*n**3 + m*n**4 + 0 - n**2. What is b(-2)?
-5
Let h(p) = 3 - 101*p - 5 - 101*p + 199*p. Let i = 0 + -2. Calculate h(i).
4
Let j(k) = -5*k**3 + 7*k**2 - 6*k + 2. Let h(r) = -4*r**3 + 6*r**2 - 5*r + 2. Let b(c) = -3*h(c) + 2*j(c). What is b(3)?
25
Suppose 39 = 8*a - 1. Let w(z) = -z**3 + 5*z**2 + z - 5. Calculate w(a).
0
Let p(k) = -11*k + 11*k + 980*k**2 - 989*k**2 + 9 + k**3. Calculate p(9).
9
Let q(z) = -z**3 - 10*z**2 - 9*z - 3. Suppose 24*w = 25*w + 9. Give q(w).
-3
Suppose -15 = 2*t + 3. Let l = -7 - t. Let b(x) be the second derivative of -x**4/4 - x**2/2 + 4*x. What is b(l)?
-13
Let f(p) = 1 - 12*p - 3*p + p. Let q = 0 - -1. Give f(q).
-13
Let h(z) = -3*z**3 - 2*z**2 - 2*z - 1. Let y = 17 + -18. Let v be h(y). Let d be (-2)/(-3)*6 + v. Let n(u) = -2*u + 8. What is n(d)?
-4
Let u(h) = 2*h**2 - 5*h - 3. Let o(l) = 15 + l**2 - 8 - 8 - 2*l. Let a(z) = 11*o(z) - 4*u(z). Suppose 0*j = -5*j + 5. What is a(j)?
2
Suppose 4*w + 12 = 0, 2*q - 2*w + 13 = 19. Let z(x) = -x - 1 + 5 + 3. Give z(q).
7
Let j = 134 - 141. Let c(i) = 4*i + 5. Determine c(j).
-23
Suppose -3*v + z = -2 - 2, -2*z - 8 = 0. Suppose c + 11 = -v. Let l = c + 7. Let k(b) = -b**3 - 4*b**2 - b - 1. Calculate k(l).
3
Let y(b) = 2*b**3 + 10*b**2 - 3*b + 7. Let f(g) = 5*g**3 + 21*g**2 - 6*g + 16. Let k(d) = -3*f(d) + 7*y(d). Give k(5).
36
Let t(g) = -11*g - 22. Let r be t(-7). Let d = 63 - r. Let y(l) = 2*l - 12. What is y(d)?
4
Let u = 10 - 5. Let q(o) = u*o + o**3 + 5*o**2 + 9*o**2 - 19*o**2 + 0*o**3 - 4. Determine q(4).
0
Let b(s) = 2*s**2 - 2*s + 2. Suppose -2*z - z = -2*z. Suppose z = 18*q - 15*q - 6. What is b(q)?
6
Let j(r) be the first derivative of -r**4/2 - 4*r**3/3 - r**2/2 + r - 21. Determine j(-3).
22
Let w(i) be the second derivative of -1/20*i**5 + 20*i - 9/2*i**2 - i**3 + 2/3*i**4 + 0. Calculate w(7).
-2
Let o(v) be the first derivative of v**2/2 + 11*v + 106. What is o(-4)?
7
Let s = -19 + 24. Suppose s*t - 55 = 5*j, -2*j = -j - 2*t + 10. Let l be ((-3)/(-9))/((-2)/j). Let c(h) = 2*h + 2. Give c(l).
6
Let x(d) = -d**2 + 7*d - 8. Let s be x(5). Let y(v) = v + 7*v + s - 5*v - 2*v. Calculate y(5).
7
Suppose 0 = -5*n + 18 + 2. Suppose n*g = 7*g. Suppose -3*d - 15 = g, 3*d = -t + 2*d + 1. Let p(r)